{"id":779,"date":"2013-08-24T16:11:30","date_gmt":"2013-08-24T16:11:30","guid":{"rendered":"http:\/\/hstconsultora.com.ar\/web\/?page_id=779"},"modified":"2020-11-25T20:37:10","modified_gmt":"2020-11-25T20:37:10","slug":"nuestro-equipo","status":"publish","type":"page","link":"https:\/\/hstconsultora.com.ar\/web\/nuestro-equipo\/","title":{"rendered":"Nuestro Equipo"},"content":{"rendered":"<div class=\"container\">\n<div class=\"container lh-1\">\n<div><\/div>\n<div><\/div>\n<div><\/div>\n<div><\/div>\n<p><div class=\"row\"><div class=\"span4\"> <strong>Manuel Pardo<\/strong> <a href=\"https:\/\/www.linkedin.com\/in\/manuelpardo\"><img loading=\"lazy\" decoding=\"async\" class=\"alignbottom size-full wp-image-1129\" src=\"https:\/\/hstconsultora.com.ar\/web\/wp-content\/uploads\/2015\/03\/linkedin-mini-logo.png\" alt=\"linkedin-mini-logo\" width=\"47\" height=\"23\" \/><\/a><br \/>\nEspecialista en administraci\u00f3n de operaciones e ingenier\u00eda mec\u00e1nica. Socio de HST Consultora T\u00e9cnica. Consultor en operaciones y estrategia de negocios. Especialista en sistemas de gesti\u00f3n de calidad, medio ambiente y seguridad y salud ocupacional. Auditor L\u00edder de Normas ISO 9000. Auditor de Normas ISO 14000 y OHSAS 18000\/ISO 45001. Presta asesoramiento en Estrategias, Planificaci\u00f3n, Organizaci\u00f3n y Coaching Empresarial. Ex Director de varias S.A. Ha desempe\u00f1ado funciones en Planificaci\u00f3n y Control en Empresas Automotrices y otras. Ha dictado cursos y seminarios sobre implementaci\u00f3n de sistemas en varias universidades, empresas y otros centros de difusi\u00f3n. Cuenta con m\u00e1s de 30 a\u00f1os de experiencia en desarrollo de procesos industriales prestando servicios a distintas empresas del pa\u00eds y de Am\u00e9rica Latina. 20 a\u00f1os de experiencia en asesoramiento de centrales energ\u00e9ticas.<br \/>\n<\/div><div class=\"span4\"><strong>H\u00e9ctor Miguel Cappiello<\/strong> <a href=\"https:\/\/www.linkedin.com\/profile\/view?id=370438998\"><img loading=\"lazy\" decoding=\"async\" class=\"alignbottom size-full wp-image-1129\" src=\"https:\/\/hstconsultora.com.ar\/web\/wp-content\/uploads\/2015\/03\/linkedin-mini-logo.png\" alt=\"linkedin-mini-logo\" width=\"47\" height=\"23\" \/><\/a><\/p>\n<p>Magister en Ingenier\u00eda Ambiental\u2013UTN. Ingeniero Agr\u00f3nomo-UBA. Socio de HST Consultora T\u00e9cnica. Consultor en Gesti\u00f3n de la Calidad, Medio Ambiente y Salud Ocupacional. Presta asistencia t\u00e9cnica en temas estrat\u00e9gicos de Planificaci\u00f3n, Organizaci\u00f3n, Capacitaci\u00f3n, Entrenamiento y Control de Procesos de la Producci\u00f3n. Identificaci\u00f3n de Aspectos Ambientales y sus impactos Asociados. Asistencia para la interpretaci\u00f3n de los requisitos legales vigentes de afectaci\u00f3n de las actividades involucradas en los procesos en estudio. Auditor de Normas ISO 9000, ISO 14000 y OHSAS 18000\/ISO 45001. Consultor inscripto en el Registro de Consultores en Estudios de impacto ambiental. Ex Profesor en el curso de Maestr\u00eda en Ingenier\u00eda Ambiental Universidad Tecnol\u00f3gica Nacional Regional Buenos Aires. 20 a\u00f1os de experiencia en asesoramiento de centrales energ\u00e9ticas.<br \/>\n<\/div><div class=\"span4\"><strong>Tom\u00e1s Chahin<\/strong> <a href=\"https:\/\/www.linkedin.com\/pub\/tom%C3%A1s-chahin\/a\/a40\/b85\/es\"><img loading=\"lazy\" decoding=\"async\" class=\"alignbottom size-full wp-image-1129\" src=\"https:\/\/hstconsultora.com.ar\/web\/wp-content\/uploads\/2015\/03\/linkedin-mini-logo.png\" alt=\"linkedin-mini-logo\" width=\"47\" height=\"23\" \/><\/a><\/p>\n<p>Doctor en Ciencias Econ\u00f3micas, orientaci\u00f3n en Administraci\u00f3n, UBA. Especialista en Gesti\u00f3n de la Calidad\u2013USAL. Licenciado en Administraci\u00f3n-UBA. Socio de HST Consultora T\u00e9cnica. Consultor especializado en management, sistemas de gesti\u00f3n, gesti\u00f3n de procesos, programas de integridad y prevenci\u00f3n de fraude corporativo. Profesor Adjunto de Sistemas Administrativos en UBA. Profesor del posgrado \u201cAdministraci\u00f3n de Organizaciones Financieras\u201d \u2013 UBA \/ AMBA. Profesor de la maestr\u00eda en \u201cGesti\u00f3n Empresaria\u201d, materias Planificaci\u00f3n Estrat\u00e9gica y Administraci\u00f3n Gerencial \u2013 UN de La Pampa, Patagonia, Comahue y Luj\u00e1n. Profesor de la maestr\u00eda en Alta Direcci\u00f3n de Empresas, materia Calidad y Productividad \u2013 UAI. Examinador del Premio Nacional a la Calidad. Auditor L\u00edder de Normas ISO 9000. Auditor de Normas ISO 14000 y OHSAS 18000\/ISO 45001. Titular del Comit\u00e9 de Prevenci\u00f3n de Fraude Corporativo del IRAM. Asesor de instituciones cat\u00f3licas y ex miembro de consejos econ\u00f3micos parroquiales. Ex dirigente de instituciones sin fines de lucro. Expositor en Congresos, Seminarios y Conferencias sobre la especialidad. Autor de diversas publicaciones y trabajos de investigaci\u00f3n.<\/p>\n<p><\/div><\/div><\/p>\n<div style=\"width: 100%; height: 50px;\"><\/div>\n<p><div class=\"row\"><div class=\"span4\"> <strong>Marcelo Alcain<\/strong> <a href=\"https:\/\/www.linkedin.com\/in\/marcelo-alcain-36200454\"><img loading=\"lazy\" decoding=\"async\" class=\"alignbottom size-full wp-image-1129\" src=\"https:\/\/hstconsultora.com.ar\/web\/wp-content\/uploads\/2015\/03\/linkedin-mini-logo.png\" alt=\"linkedin-mini-logo\" width=\"47\" height=\"23\" \/><\/a><\/p>\n<p>Doctor en Administraci\u00f3n \u2013 FCE-UBA. Especialista en Gesti\u00f3n de PyMes (UBA) y en Gesti\u00f3n de la Calidad, Six Sigma &amp; ISO 9000 (USAL y Georgetown University). Licenciado en Administraci\u00f3n &#8211; UBA. Consultor especializado en management, procesos y calidad. Consultor en proyectos especiales en HST. Profesor Regular en la Facultad de Ciencias Econ\u00f3micas (UBA) de las materias Sistemas Administrativos, Direcci\u00f3n General y Administraci\u00f3n General. Profesor de la Maestr\u00eda en Recursos Humanos de la UBA y del Posgrado de Administraci\u00f3n de Organizaciones Financieras &#8211; UBA\/AMBA. Profesor de la Maestr\u00eda en Direcci\u00f3n Estrat\u00e9gica &#8211; UN Luj\u00e1n y Administraci\u00f3n Gerencial en UN del Comahue. Profesor de la Maestr\u00eda en Alta Direcci\u00f3n de Empresas &#8211; Facultad de Ciencias Econ\u00f3micas de la Universidad Abierta Latinoamericana. Dicta el Programa Ejecutivo \u201cGesti\u00f3n del Cliente PyME\u201d, convenio Banco Santander R\u00edo y la Facultad de Cs. Econ.-UBA Jurado y Tutor de Tesis de posgrado. Ha dictado cursos y conferencias relacionados con Calidad Total y Formalizaci\u00f3n de procedimientos.<\/p>\n<p><\/div><div class=\"span4\"><strong>Ariel Ferrari<\/strong> <a href=\"https:\/\/www.linkedin.com\/in\/ariel-horacio-ferrari-363823\"><img loading=\"lazy\" decoding=\"async\" class=\"alignbottom size-full wp-image-1129\" src=\"https:\/\/hstconsultora.com.ar\/web\/wp-content\/uploads\/2015\/03\/linkedin-mini-logo.png\" alt=\"linkedin-mini-logo\" width=\"47\" height=\"23\" \/><\/a><\/p>\n<p>Master en Econom\u00eda Empresarial (UTDT). Negocios Internacionales (ERASMUS University, Rotterdam). Postgrado en Negocios (UTDT). Licenciado en Administraci\u00f3n y Contador P\u00fablico (UBA). Consultor en proyectos especiales en HST Consultora T\u00e9cnica. Profesor Titular de Modelos de Decision (UNMdP), Economia y Administracion Aeroespacial (UN de la D), Economia Politica (ESGFAA), Organizacion y Conduccion (ESGCFFAA), Desarrollo de Negocios (UAI), Profesor Adjunto Regular de Gestion y Costos (UBA), Contabilidad Superior (FASTA), Costos I, II y Competitividad y Costos (UCA). Director del DISE (Departamento de Investigaciones Sociales y Econ\u00f3micas dependiente de FUNDECOS). Investigador ESGFAA y FASTA. Ex Profesor del programa Master in Business Administration de la Universidad Torcuato Di Tella y en la Universidad de Guayaquil (Ecuador). Ex Presidente de Internacional Trading Division. Ex Directivo de Freddo S.A., Ondabel S.A., Compaq Latin America Corporation, Kellogg Argentina S.A., Schlumberger y Grupo Molinos R\u00edo de la Plata S.A. Es Titular en el Consejo Directivo del Consejo Profesional de Ciencias Econ\u00f3micas de la Ciudad Aut\u00f3noma de Buenos Aires (CPCECABA) y Consejero Coordinador de la Comisi\u00f3n Estudios de Costos y Actuacion Profesional Entidades Financieras. Tesorero y Miembro Fundador de FUNDECOS. Miembro del IAPUCO Instituto Argentino Profesores Universitarios de Costos. Miembro de la Bolsa de Comercio de Buenos Aires. Colaborador del REM (Relevamiento Expectativas de Mercado) ante el Banco Central de la Republica Argentina. Expositor en congresos, seminarios y conferencias sobre la especialidad. Autor de diversas publicaciones y trabajos de investigaci\u00f3n.<\/p>\n<p><\/div><div class=\"span4\"><strong>Mat\u00edas Ibarra<\/strong> <a href=\"https:\/\/www.linkedin.com\/\"><img loading=\"lazy\" decoding=\"async\" class=\"alignbottom size-full wp-image-1129\" src=\"https:\/\/hstconsultora.com.ar\/web\/wp-content\/uploads\/2015\/03\/linkedin-mini-logo.png\" alt=\"linkedin-mini-logo\" width=\"47\" height=\"23\" \/><\/a><br \/>\nLicenciado en Administraci\u00f3n (UBA). Consultor Senior en HST Consultora T\u00e9cnica, implementaci\u00f3n de sistema de gesti\u00f3n de la calidad, ambiental y seguridad y salud en el trabajo; administraci\u00f3n de sistemas de gesti\u00f3n de la calidad e integrado. Ex Analista de Procesos y Calidad a cargo del sistema integrado en IVETRA. Auditor interno de ISO 9001, ISO 14001 y OHSAS 18001\/45001.<\/p>\n<p><\/div><\/div><\/p>\n<\/div>\n<div style=\"width: 100%; height: 50px;\"><\/div>\n<p><div class=\"row\"><div class=\"span4\"> <strong>Roberto Aguilera<\/strong> <a href=\"https:\/\/www.linkedin.com\"><img loading=\"lazy\" decoding=\"async\" class=\"alignbottom size-full wp-image-1129\" src=\"https:\/\/hstconsultora.com.ar\/web\/wp-content\/uploads\/2015\/03\/linkedin-mini-logo.png\" alt=\"linkedin-mini-logo\" width=\"47\" height=\"23\" \/><\/a><br \/>\nEspecialista y Profesor en Educaci\u00f3n Vial y Manejo &#8211; ITIP Instituto de Formaci\u00f3n. Especialista en Investigaci\u00f3n de Siniestros Viales \u2013 Mutual de Seguros Protecci\u00f3n. Responsable de Seguridad Vial en empresas de transporte. Asesor en Educaci\u00f3n y Seguridad Vial, y en el armado de \u00e1reas de administraci\u00f3n y capacitaci\u00f3n en SV. Ex Conductor en empresas de transporte de larga distancia y turismo.<\/p>\n<p><\/div><div class=\"span4\"><strong>Pen\u00e9lope Greco<\/strong> <a href=\"https:\/\/www.linkedin.com\/in\/pen%C3%A9lope-greco-33579020\"><img loading=\"lazy\" decoding=\"async\" class=\"alignbottom size-full wp-image-1129\" src=\"https:\/\/hstconsultora.com.ar\/web\/wp-content\/uploads\/2015\/03\/linkedin-mini-logo.png\" alt=\"linkedin-mini-logo\" width=\"47\" height=\"23\" \/><\/a><\/p>\n<p>Contadora P\u00fablica &#8211; FCE UBA. Matr\u00edcula en CABA y Provincia de Buenos Aires. Titular del estudio contable P.Greco. Consultora en proyectos especiales en HST Consultora T\u00e9cnica. Docente Auxiliar de primera en la Facultad de Ciencias Econ\u00f3micas (UBA) de las materias Sistemas Administrativos e Impuestos II (Impuestos a los consumos y Procedimiento Tributario). Cursando actualmente la Maestr\u00eda en Tributario en la Facultad de Ciencias Econ\u00f3micas (UBA). Desempe\u00f1a su profesi\u00f3n en el \u00e1mbito privado y con entidades de acci\u00f3n social y art\u00edstica.<br \/>\n<\/div><div class=\"span4\"><strong>Magdalena Pardo<\/strong> <a href=\"https:\/\/www.linkedin.com\/in\/magdalena-pardo-b2a7b125\/\"><img loading=\"lazy\" decoding=\"async\" class=\"alignbottom size-full wp-image-1129\" src=\"https:\/\/hstconsultora.com.ar\/web\/wp-content\/uploads\/2015\/03\/linkedin-mini-logo.png\" alt=\"linkedin-mini-logo\" width=\"47\" height=\"23\" \/><\/a><br \/>\nDise\u00f1adora de Imagen y Sonido (UBA). M\u00e1gister en gui\u00f3n audiovisual en la Universidad Aut\u00f3noma de Barcelona. Responsable del \u00e1rea de comunicaci\u00f3n, imagen y dise\u00f1o de HST. Durante m\u00e1s de diez a\u00f1os trabaja en el desarrollo de imagen institucional para empresas y asesora a peque\u00f1os emprendedores con sus estrategias de comunicaci\u00f3n.<\/p>\n<p><\/div><\/div><\/p>\n<\/div>\n<div><\/div>\n<div><\/div>\n<div><\/div>\n","protected":false},"excerpt":{"rendered":"","protected":false},"author":1,"featured_media":0,"parent":0,"menu_order":0,"comment_status":"closed","ping_status":"closed","template":"fullwidth.php","meta":{"_bbp_topic_count":0,"_bbp_reply_count":0,"_bbp_total_topic_count":0,"_bbp_total_reply_count":0,"_bbp_voice_count":0,"_bbp_anonymous_reply_count":0,"_bbp_topic_count_hidden":0,"_bbp_reply_count_hidden":0,"_bbp_forum_subforum_count":0,"footnotes":""},"class_list":["post-779","page","type-page","status-publish","hentry"],"_links":{"self":[{"href":"https:\/\/hstconsultora.com.ar\/web\/wp-json\/wp\/v2\/pages\/779","targetHints":{"allow":["GET"]}}],"collection":[{"href":"https:\/\/hstconsultora.com.ar\/web\/wp-json\/wp\/v2\/pages"}],"about":[{"href":"https:\/\/hstconsultora.com.ar\/web\/wp-json\/wp\/v2\/types\/page"}],"author":[{"embeddable":true,"href":"https:\/\/hstconsultora.com.ar\/web\/wp-json\/wp\/v2\/users\/1"}],"replies":[{"embeddable":true,"href":"https:\/\/hstconsultora.com.ar\/web\/wp-json\/wp\/v2\/comments?post=779"}],"version-history":[{"count":0,"href":"https:\/\/hstconsultora.com.ar\/web\/wp-json\/wp\/v2\/pages\/779\/revisions"}],"wp:attachment":[{"href":"https:\/\/hstconsultora.com.ar\/web\/wp-json\/wp\/v2\/media?parent=779"}],"curies":[{"name":"wp","href":"https:\/\/api.w.org\/{rel}","templated":true}]}}