{"id":756,"date":"2013-08-24T15:34:01","date_gmt":"2013-08-24T15:34:01","guid":{"rendered":"http:\/\/hstconsultora.com.ar\/web\/?page_id=756"},"modified":"2019-11-03T16:20:15","modified_gmt":"2019-11-03T16:20:15","slug":"antecedentes","status":"publish","type":"page","link":"https:\/\/hstconsultora.com.ar\/web\/antecedentes\/","title":{"rendered":"Clientes"},"content":{"rendered":"<div class=\"container\">\n<div><\/br><\/div>\n<div><\/br><\/div>\n<div><\/br><\/div>\n<p>&nbsp;<br \/>\n<img loading=\"lazy\" decoding=\"async\" src=\"https:\/\/hstconsultora.com.ar\/web\/wp-content\/uploads\/2013\/08\/logos-clientes.jpg\" alt=\"logos-clientes\" width=\"900\" height=\"279\" class=\"alignleft size-full wp-image-1253\" srcset=\"https:\/\/hstconsultora.com.ar\/web\/wp-content\/uploads\/2013\/08\/logos-clientes.jpg 900w, https:\/\/hstconsultora.com.ar\/web\/wp-content\/uploads\/2013\/08\/logos-clientes-300x93.jpg 300w\" sizes=\"auto, (max-width: 900px) 100vw, 900px\" \/><\/p>\n<div><\/br><\/div>\n<div><\/br><\/div>\n<div><\/br><\/div>\n<p>&nbsp;<br \/>\n&nbsp;<br \/>\n&nbsp;<br \/>\n&nbsp;<br \/>\n&nbsp;<br \/>\n&nbsp;<br \/>\n&nbsp;<br \/>\n&nbsp;<br \/>\n&nbsp;<\/p>\n<div><b>Algunas empresas e instituciones en las que hemos trabajado o trabajamos actualmente: <\/b><\/div>\n<div>\n<\/div>\n<div class=\"row\"><div class=\"span4\"><br \/>\nAcquario S.A. \u2013 Catering<br \/>\nAg Limpieza Integral S.A.<br \/>\nAGP &#8211; Puerto Buenos Aires<br \/>\nANLAB &#8211; Laboratorio de aliemntos<br \/>\n\u00c1rea Geof\u00edsica Eng.<br \/>\nAutom\u00f3viles San Jorge<br \/>\nBenito Roggio S.A.<br \/>\nBenito Roggio Ambiental<br \/>\nBuen Com S.A. \u2013 Catering<br \/>\nChenyi Servicios Log\u00edsticos<br \/>\nConsultora Demison<br \/>\nCooperativas de La Pampa<br \/>\nCoop. de Trabajo Alumin\u00e9<br \/>\nCoop. de Trabajo Fast<br \/>\nCoop. de Trabajo San Mart\u00edn<br \/>\nCostas Argentina S.A.<br \/>\nDirecci\u00f3n Gral. de Limpieza del Gobierno de la C.A.B.A.<br \/>\nDirecci\u00f3n Gral. de Pol\u00edtica y Evaluaci\u00f3n de Impacto Ambiental de la C.A.B.A.<br \/>\nEcociudad Recolec. Residuos<br \/>\nENARSA Argentina S.A.<br \/>\nEnte Municipal de Higiene y Salubridad Urbana (EMHSU) \u2013 Sta. Rosa &#8211; La Pampa <\/div>\n<div class=\"span4\"><br \/>\nFundaci\u00f3n Betel \u2013 Maranath\u00e1<br \/>\nGeof\u00edsica Eng.<br \/>\nGoya Corrientes S.R.L.<br \/>\nGrader S.A.<br \/>\nIndustrias Teuqu\u00e9n S.R.L.<br \/>\nIng. Amb. S.A.<br \/>\nINDRA Argentina<br \/>\nINDRA Chile<br \/>\nIntagro S.A.<br \/>\nKot \u2013 Gorros y sombreros<br \/>\nLa Mantovana de Servicios Generales S.R.L.<br \/>\nLuna Park<br \/>\nMapa Virulana S.A.C.I.F.I.<br \/>\nMejores Hospitales S.A.<br \/>\nM\u00e1quinas Especiales S.A.<br \/>\nMart\u00edn y C\u00eda. S.A.<br \/>\nMetrov\u00edas S.A.<br \/>\nMunicipalidad de San Isidro<br \/>\nNaci\u00f3n A.F.J.P.<br \/>\nNectel S.A.<br \/>\nPampetrol SAPEM<br \/>\nProfesi\u00f3n + Auge A.F.J.P.<br \/>\nProguide S.R.L.<\/div>\n<div class=\"span4\"><br \/>\nRebor Seguridad S.A.<br \/>\nRENATRE<br \/>\nRodimax S.A.<br \/>\nRSK Servicios<br \/>\nSolutions S.A.<br \/>\nSuministra S.R.L.<br \/>\nS.E.I.C. S.R.L.<br \/>\nServirc S.A. \u2013 Catering<br \/>\nServisub S.R.L.<br \/>\nSES S.A.<br \/>\nSMG LIFE Seguros de Vida<br \/>\nSolutions Group S.A.<br \/>\nSu\u00e1rez Centuri\u00f3n Servicios<br \/>\nSuministra S.R.L.<br \/>\nToyota Compa\u00f1\u00eda Financiera<br \/>\nTransportes Atl\u00e1ntida<br \/>\nUADEL S.R.L.<br \/>\nUBA \u2013 Facultad de Agronom\u00eda<br \/>\nUGOFE S.A.<br \/>\nUniversidad Nacional de Luj\u00e1n<br \/>\nZapater\u00edas Briganti<br \/>\nZurich C\u00eda. de Seguros <\/div><\/div>\n<div><\/br><\/div>\n<div><\/br><\/div>\n<p><strong>Instituciones universitarias en las que actuamos o hemos actuado:<\/strong><\/p>\n<div>\n<\/div>\n<p>Universidad Abierta Interamericana<br \/>\nUniversidad de Buenos Aires, Facultad de Ciencias Econ\u00f3micas<br \/>\nUniversidad Nacional del Comahue<br \/>\nUniversidad Nacional de La Pampa<br \/>\nUniversidad Nacional de la Patagonia<br \/>\nUniversidad Nacional de Luj\u00e1n<\/p>\n<\/div>\n<div><\/br><\/div>\n<div><\/br><\/div>\n","protected":false},"excerpt":{"rendered":"<p>&nbsp; &nbsp; &nbsp; &nbsp; &nbsp; &nbsp; &nbsp; &nbsp; &nbsp; &nbsp; Algunas empresas e instituciones en las que hemos trabajado o<\/p>\n","protected":false},"author":1,"featured_media":0,"parent":0,"menu_order":0,"comment_status":"closed","ping_status":"closed","template":"fullwidth.php","meta":{"_bbp_topic_count":0,"_bbp_reply_count":0,"_bbp_total_topic_count":0,"_bbp_total_reply_count":0,"_bbp_voice_count":0,"_bbp_anonymous_reply_count":0,"_bbp_topic_count_hidden":0,"_bbp_reply_count_hidden":0,"_bbp_forum_subforum_count":0,"footnotes":""},"class_list":["post-756","page","type-page","status-publish","hentry"],"_links":{"self":[{"href":"https:\/\/hstconsultora.com.ar\/web\/wp-json\/wp\/v2\/pages\/756","targetHints":{"allow":["GET"]}}],"collection":[{"href":"https:\/\/hstconsultora.com.ar\/web\/wp-json\/wp\/v2\/pages"}],"about":[{"href":"https:\/\/hstconsultora.com.ar\/web\/wp-json\/wp\/v2\/types\/page"}],"author":[{"embeddable":true,"href":"https:\/\/hstconsultora.com.ar\/web\/wp-json\/wp\/v2\/users\/1"}],"replies":[{"embeddable":true,"href":"https:\/\/hstconsultora.com.ar\/web\/wp-json\/wp\/v2\/comments?post=756"}],"version-history":[{"count":0,"href":"https:\/\/hstconsultora.com.ar\/web\/wp-json\/wp\/v2\/pages\/756\/revisions"}],"wp:attachment":[{"href":"https:\/\/hstconsultora.com.ar\/web\/wp-json\/wp\/v2\/media?parent=756"}],"curies":[{"name":"wp","href":"https:\/\/api.w.org\/{rel}","templated":true}]}}