{"id":44,"date":"2013-02-15T15:05:32","date_gmt":"2013-02-15T15:05:32","guid":{"rendered":"http:\/\/entiri.com\/trace_wp\/?page_id=44"},"modified":"2015-03-16T17:41:53","modified_gmt":"2015-03-16T17:41:53","slug":"about-us","status":"publish","type":"page","link":"https:\/\/hstconsultora.com.ar\/web\/about-us\/","title":{"rendered":"Qui\u00e9nes Somos"},"content":{"rendered":"<div class=\"container\">\n<div class=\"row m-tb-50\">\n<div class=\"span2 cs-a c-small\">\n<div class=\"cs-content\">\n<p><!-- Circle Title --><\/p>\n<div class=\"cs-title blue\">Misi\u00f3n<\/div>\n<\/div>\n<\/div>\n<div class=\"span2 cs-b c-small\"><\/div>\n<div class=\"span2 cs-a c-small\">\n<div class=\"cs-content\">\n<p><!-- Circle Title --><\/p>\n<div class=\"cs-title blue\">Filosof\u00eda y Visi\u00f3n<\/div>\n<\/div>\n<\/div>\n<div class=\"span2 cs-b c-small\"><\/div>\n<div class=\"span2 cs-a c-small\">\n<div class=\"cs-content\">\n<p><!-- Circle Title --><\/p>\n<div class=\"cs-title blue\">Valores<\/div>\n<\/div>\n<\/div>\n<div class=\"span2 cs-b c-small\"><\/div>\n<\/div>\n<\/div>\n<div class=\"container lh-1\">\n<div class=\"row\"><div class=\"span4\">\n<h3><strong>Lo que Buscamos<\/strong><\/h3>\n<p>Nuestro prop\u00f3sito es mejorar la competitividad de nuestros clientes estableciendo una asociaci\u00f3n estrat\u00e9gica que permita el logro de los objetivos consensuados.<br \/>\nNuestra empresa combina con eficacia la heterogeneidad de su equipo de profesionales, prestando servicios, no solo en nuestro pa\u00eds, sino en donde se nos solicite.<br \/>\nLos integrantes de HST nos hemos desempe\u00f1ado en distintas organizaciones, liderando equipos de trabajo, implementando sistemas de gesti\u00f3n, asesorando empresas, capacitando, auditando y participando de proyectos especiales.\u00a0<\/div><div class=\"span4\"><\/p>\n<h3><strong>Lo que pensamos<\/strong><\/h3>\n<p>Nos movemos en un mundo cada vez m\u00e1s cambiante, m\u00e1s din\u00e1mico, nuestra pretensi\u00f3n es crecer y desarrollarnos sin perder el ritmo del cambio. Condici\u00f3n necesaria para estar a la altura de quienes nos contratan, aportando nuestra experiencia y conocimiento participando entonces en la soluci\u00f3n de los problemas planteados.<br \/>\nEsperamos si, en esa labor conjunta generar una relaci\u00f3n duradera y confiable de mutuo beneficio.<\/div><div class=\"span4\"><\/p>\n<h3><strong>Lo que Creemos<\/strong><\/h3>\n<p>El cliente en primer lugar.<br \/>\nEl trabajo en equipo.<br \/>\nEl compromiso con los resultados.<br \/>\nLa confidenciallidad.<br \/>\nSobre todo, <strong>hacer bien nuestro trabajo.<\/strong>\u00a0<\/div><\/div><\/p>\n<\/div>\n<div class=\"container\">\n<div class=\"row\">\n<div class=\"span12\">\n<hr class=\"m-tb-40\" \/>\n<\/div>\n<\/div>\n","protected":false},"excerpt":{"rendered":"<p>Misi\u00f3n Filosof\u00eda y Visi\u00f3n Valores<\/p>\n","protected":false},"author":1,"featured_media":0,"parent":0,"menu_order":0,"comment_status":"open","ping_status":"closed","template":"fullwidth.php","meta":{"_bbp_topic_count":0,"_bbp_reply_count":0,"_bbp_total_topic_count":0,"_bbp_total_reply_count":0,"_bbp_voice_count":0,"_bbp_anonymous_reply_count":0,"_bbp_topic_count_hidden":0,"_bbp_reply_count_hidden":0,"_bbp_forum_subforum_count":0,"footnotes":""},"class_list":["post-44","page","type-page","status-publish","hentry"],"_links":{"self":[{"href":"https:\/\/hstconsultora.com.ar\/web\/wp-json\/wp\/v2\/pages\/44","targetHints":{"allow":["GET"]}}],"collection":[{"href":"https:\/\/hstconsultora.com.ar\/web\/wp-json\/wp\/v2\/pages"}],"about":[{"href":"https:\/\/hstconsultora.com.ar\/web\/wp-json\/wp\/v2\/types\/page"}],"author":[{"embeddable":true,"href":"https:\/\/hstconsultora.com.ar\/web\/wp-json\/wp\/v2\/users\/1"}],"replies":[{"embeddable":true,"href":"https:\/\/hstconsultora.com.ar\/web\/wp-json\/wp\/v2\/comments?post=44"}],"version-history":[{"count":0,"href":"https:\/\/hstconsultora.com.ar\/web\/wp-json\/wp\/v2\/pages\/44\/revisions"}],"wp:attachment":[{"href":"https:\/\/hstconsultora.com.ar\/web\/wp-json\/wp\/v2\/media?parent=44"}],"curies":[{"name":"wp","href":"https:\/\/api.w.org\/{rel}","templated":true}]}}