{"id":2085,"date":"2016-09-06T14:33:23","date_gmt":"2016-09-06T14:33:23","guid":{"rendered":"http:\/\/hstconsultora.com.ar\/web\/?page_id=2085"},"modified":"2017-03-07T16:19:36","modified_gmt":"2017-03-07T16:19:36","slug":"normas-iso-9000-y-9001-cambios-en-las-versiones-2015-informacion","status":"publish","type":"page","link":"https:\/\/hstconsultora.com.ar\/web\/normas-iso-9000-y-9001-cambios-en-las-versiones-2015-informacion\/","title":{"rendered":"NORMAS ISO 9000 y 9001 Cambios en las versiones 2015 &#8211; Informaci\u00f3n"},"content":{"rendered":"<style type=\"text\/css\">\n.btnpanel{\nbackground-color: #6daf34;\nfloat: right;\ncolor: white;\nfont-weight: bolder;\npadding: 20px;\ntext-align: center;\nwidth:250px;\nborder:0; \n}\n.rowspacing{\nmargin-bottom: 20px;\n}\n<\/style>\n<div style=\"width:100%; height:6px; background-color:#6daf34;\"><\/div>\n<div class=\"container rowspacing\">\n<div class=\"row\">\n<div class=\"col-lg-11 col-md-10 col-sm-10 col-xs-10 col-lg-offset-1\">\n<h1 style=\"color:#67AB34;\"><strong>NORMAS ISO 9000 y 9001<\/strong><\/h1>\n<h4>Cambios en las versiones 2015<\/h4>\n<\/div>\n<\/div>\n<\/div>\n<div class=\"container rowspacing\">\n<div class=\"row\">\n<div class=\"col-lg-11 col-lg-offset-1\">\n<h4>DURACI\u00d3N<\/h4>\n<p>El curso de tiene una duraci\u00f3n de 4 clases (18 Horas).\n<\/p><\/div>\n<\/div>\n<\/div>\n<div class=\"container rowspacing\">\n<div class=\"row\">\n<div class=\"col-lg-7 col-md-7 col-sm-12 col-lg-12 col-lg-offset-1\">\n<h4>OBJETIVO<\/h4>\n<p>Actualizar los conocimientos que poseen los participantes, de manera que incorporen los cambios producidos en la normativa, as\u00ed como tambi\u00e9n tengan las herramientas para la implementaci\u00f3n de los nuevos requisitos.<\/p>\n<\/div>\n<\/div>\n<\/div>\n<div class=\"container rowspacing\">\n<div class=\"row\">\n<div class=\"col-lg-11 col-lg-offset-1\">\n<h4>TEMARIO<\/h4>\n<ul>\n<li style=\"margin-left:30px; padding-bottom: 10px;\">Parte 1:<\/li>\n<p>Evoluci\u00f3n de la norma en el tiempo. Objetivos y enfoque de su actualizaci\u00f3n. Cambios en los<br \/>\nPrincipios de la Calidad.<\/p>\n<li style=\"margin-left:30px; padding-bottom: 10px;\">Parte 2:<\/li>\n<p>Cambios en los t\u00e9rminos y definiciones seg\u00fan la norma ISO 9000:2015.<\/p>\n<li style=\"margin-left:30px; padding-bottom: 10px;\">Parte 3:<\/li>\n<p>Enfoque de la norma ISO 9001:2015. Nueva estructura de los cap\u00edtulos de la norma. Criterios<br \/>\npara la aplicaci\u00f3n seg\u00fan la actividad de la organizaci\u00f3n.<\/p>\n<li style=\"margin-left:30px; padding-bottom: 10px;\">Parte 4:<\/li>\n<p>Cambios en la documentaci\u00f3n. Cambios para los auditores internos.\n<\/ul>\n<\/div>\n<\/div>\n<\/div>\n<div class=\"container rowspacing\">\n<div class=\"row\">\n<div class=\"col-lg-11 col-lg-offset-1\">\n<h4>DIRIGIDO A<\/h4>\n<p>Directivos, mandos medios, analistas de procesos o calidad, profesionales<br \/>\nen relaci\u00f3n de dependencia e independientes.\n<\/p><\/div>\n<\/div>\n<\/div>\n<div class=\"container rowspacing\">\n<div class=\"row\">\n<div class=\"col-lg-11 col-lg-offset-1\">\n<h4>ESTE CURSO LE PERMITIR\u00c1<\/h4>\n<p>Comprender los requisitos expl\u00edcitos e impl\u00edcitos de los Sistemas de<br \/>\nGesti\u00f3n de la Calidad, Ambiental y Seguridad y Salud en el Trabajo (SST),<br \/>\nbasados en las normas respectivas.<br \/>\nEntender los requerimientos de dichas normas en la pr\u00e1ctica, trasladando<br \/>\ncada uno de ellos a la aplicaci\u00f3n concreta del trabajo.\n<\/p><\/div>\n<\/div>\n<\/div>\n<div class=\"container rowspacing\">\n<div class=\"row\">\n<div class=\"col-lg-11 col-lg-offset-1\">\n<h4>REQUISITOS PREVIOS METODOLOG\u00cdA<\/h4>\n<p>Conocimientos b\u00e1sicos de gesti\u00f3n de la calidad.\n<\/p><\/div>\n<\/div>\n<\/div>\n<div class=\"container rowspacing\">\n<div class=\"row\">\n<div class=\"col-lg-7 col-md-7 col-sm-12 col-lg-12 col-lg-offset-1\">\n<h4>PLANTEL DOCENTE<\/h4>\n<p><strong>Tom\u00e1s Chahin<\/strong><br \/>\nLicenciado en Administraci\u00f3n-UBA. Especialista en Gesti\u00f3n de la Calidad\u2013USAL y Georgetown University. Doctorando en Administraci\u00f3n de la Facultad de Ciencias Econ\u00f3micas-UBA. Consultor especializado en management y sistemas de gesti\u00f3n de la calidad. Profesor Adjunto de Sistemas Administrativos en UBA. Profesor del posgrado \u201cAdministraci\u00f3n de Organizaciones Financieras\u201d\u2013UBA. Profesor de la maestr\u00eda en \u201cGesti\u00f3n Empresaria\u201d \u2013 UN de La Pampa, Comahue, Luj\u00e1n y Patagonia. Profesor de la maestr\u00eda en Alta Direcci\u00f3n de Empresas\u2013UAI. Dicta el Programa Ejecutivo \u201cGesti\u00f3n del Cliente PyME\u201d, convenio Banco Santander R\u00edo y la Facultad de Cs. Econ.-UBA. Examinador del Premio Nacional a la Calidad. Auditor L\u00edder de Normas ISO 9000. Titular del Comit\u00e9 de Prevenci\u00f3n de Fraude Corporativo del IRAM. Jurado de concursos de profesores de grado. Tutor de tesis de posgrado. Expositor en Congresos, Seminarios y Conferencias sobre la especialidad. Autor de libros, publicaciones y trabajos de investigaci\u00f3n referidos a Administraci\u00f3n, Procesos, Reingenier\u00eda, Calidad Total y Normas ISO 9000; entre otros.<\/p>\n<p><strong>Manuel Pardo<\/strong><br \/>\nEspecialista en administraci\u00f3n de operaciones e ingenier\u00eda. Consultor en organizaci\u00f3n y estrategia de negocios. Experto en sistemas de gesti\u00f3n de calidad, medio ambiente, seguridad de la informaci\u00f3n, gesti\u00f3n de la energ\u00eda y seguridad y salud ocupacional. Auditor L\u00edder de Normas ISO. Asesora y brinda asistencia t\u00e9cnica en temas estrat\u00e9gicos de planificaci\u00f3n, organizaci\u00f3n, capacitaci\u00f3n, entrenamiento, t\u00e9cnicas de reingenier\u00eda y control de los procesos de la producci\u00f3n. Ex Director de varias empresas. Ha desempe\u00f1ado funciones en Planificaci\u00f3n y Control en Empresas Automotrices y otras. Profesor invitado de la maestr\u00eda en Alta Direcci\u00f3n de Empresas\u2013UAI. Ha dictado cursos y seminarios sobre implementaci\u00f3n de sistemas en varias universidades, empresas y otros centros de difusi\u00f3n.\n<\/div>\n<\/div>\n<\/div>\n<div class=\"container rowspacing\">\n<div class=\"row\">\n<div class=\"col-lg-11 col-md-10 col-sm-10 col-xs-10 col-lg-offset-1\">\n<a href=\"https:\/\/hstconsultora.com.ar\/web\/?p=2120\"><img loading=\"lazy\" decoding=\"async\" src=\"https:\/\/hstconsultora.com.ar\/web\/wp-content\/uploads\/2014\/10\/btn_inscribirse.png\" alt=\"btn_solicitar_info\" width=\"210\" height=\"58\" class=\"alignleft size-full wp-image-990\" \/><\/a> <a href=\"https:\/\/hstconsultora.com.ar\/web\/formulario-solicitud-cursos-1\/\"><img loading=\"lazy\" decoding=\"async\" src=\"https:\/\/hstconsultora.com.ar\/web\/wp-content\/uploads\/2014\/10\/btn_solicitar_info1.png\" alt=\"btn_solicitar_info\" width=\"306\" height=\"58\" class=\"alignright size-full wp-image-990\" srcset=\"https:\/\/hstconsultora.com.ar\/web\/wp-content\/uploads\/2014\/10\/btn_solicitar_info1.png 306w, https:\/\/hstconsultora.com.ar\/web\/wp-content\/uploads\/2014\/10\/btn_solicitar_info1-300x58.png 300w\" sizes=\"auto, (max-width: 306px) 100vw, 306px\" \/><\/a>\n<\/div>\n<\/div>\n<\/div>\n<div class=\"container rowspacing\">\n<div class=\"row\">\n<div class=\"col-lg-7 col-md-7 col-sm-12 col-lg-12 col-lg-offset-1\">\n<h4>HST CONSULTORA T\u00c9CNICA<\/h4>\n<p>Somos una consultora con m\u00e1s de veinte a\u00f1os de experiencia implementando Sistemas de Gesti\u00f3n en empresas, organismos e instituciones, lo que nos permite disponer de vastos conocimientos confeccionando junto con las organizaciones dichos sistemas. <\/p>\n<p>Contamos, adem\u00e1s de nuestros cursos presenciales e \u201cin Company\u201d, de capacitaciones a distancia en metodolog\u00eda virtual, a trav\u00e9s de las cuales podr\u00e1 obtener los conocimientos que necesite desde su lugar de trabajo u hogar, en el momento que usted lo decida. Disponemos de un aula virtual a trav\u00e9s de la cual podr\u00e1 tomar la capacitaci\u00f3n, ingresando al material dispuesto por el docente, respondiendo las actividades pr\u00e1cticas y tambi\u00e9n efectuando las consultas que estime necesario.<\/p>\n<p>Creemos que las capacidades de una empresa deben ser alimentadas y actualizadas permanentemente, porque el conocimiento es lo que posibilita que una empresa establezca diferencias en el mercado, y tambi\u00e9n que los organismos p\u00fablicos puedan alcanzar patrones cada vez m\u00e1s altos en los servicios a la comunidad. Contamos con personal especializado, de amplia experiencia en la docencia a nivel universitario, ejerci\u00e9ndola actualmente en las mejores universidades de nuestro pa\u00eds.\n<\/p><\/div>\n<\/div>\n<\/div>\n","protected":false},"excerpt":{"rendered":"<p>NORMAS ISO 9000 y 9001 Cambios en las versiones 2015 DURACI\u00d3N El curso de tiene una duraci\u00f3n de 4 clases<\/p>\n","protected":false},"author":1,"featured_media":0,"parent":0,"menu_order":0,"comment_status":"closed","ping_status":"closed","template":"home2.php","meta":{"_bbp_topic_count":0,"_bbp_reply_count":0,"_bbp_total_topic_count":0,"_bbp_total_reply_count":0,"_bbp_voice_count":0,"_bbp_anonymous_reply_count":0,"_bbp_topic_count_hidden":0,"_bbp_reply_count_hidden":0,"_bbp_forum_subforum_count":0,"footnotes":""},"class_list":["post-2085","page","type-page","status-publish","hentry"],"_links":{"self":[{"href":"https:\/\/hstconsultora.com.ar\/web\/wp-json\/wp\/v2\/pages\/2085","targetHints":{"allow":["GET"]}}],"collection":[{"href":"https:\/\/hstconsultora.com.ar\/web\/wp-json\/wp\/v2\/pages"}],"about":[{"href":"https:\/\/hstconsultora.com.ar\/web\/wp-json\/wp\/v2\/types\/page"}],"author":[{"embeddable":true,"href":"https:\/\/hstconsultora.com.ar\/web\/wp-json\/wp\/v2\/users\/1"}],"replies":[{"embeddable":true,"href":"https:\/\/hstconsultora.com.ar\/web\/wp-json\/wp\/v2\/comments?post=2085"}],"version-history":[{"count":0,"href":"https:\/\/hstconsultora.com.ar\/web\/wp-json\/wp\/v2\/pages\/2085\/revisions"}],"wp:attachment":[{"href":"https:\/\/hstconsultora.com.ar\/web\/wp-json\/wp\/v2\/media?parent=2085"}],"curies":[{"name":"wp","href":"https:\/\/api.w.org\/{rel}","templated":true}]}}